3 and c.
23
Let u(k) = k**3 - 9*k**2 - 10*k + 15. Let r be u(10). Let o be 25/r + (-4)/6. What is the greatest common factor of o and 1?
1
Let q be 0 - -13 - 4/(-2). Suppose -4*i = -0*i - 660. Calculate the greatest common divisor of q and i.
15
Let v(n) = 2*n + 44. Let p be v(0). Let b be 696/p - (-2)/11. Calculate the highest common divisor of 8 and b.
8
Suppose -4*z + 30 = -z. Let u = 52 + 18. Calculate the highest common factor of u and z.
10
Let v = 75 + -37. What is the greatest common divisor of v and 57?
19
Suppose 2*j = j - q - 4, q + 13 = -2*j. Let b be (j - -4)*2/(-5). Calculate the greatest common factor of b and 22.
2
Let b be (-32)/6 - (-2)/6. Let g be 4/b*(-360)/16. Let r(u) = -8*u + 5. Let m be r(-5). Calculate the greatest common divisor of g and m.
9
Suppose 3*z - 9 = -0*z. Suppose -z*o + 8 + 37 = 0. Calculate the highest common divisor of 135 and o.
15
Let y = -2 - -4. Suppose y*h + 0*v + 7 = 5*v, 0 = -5*h - 2*v + 26. What is the greatest common factor of h and 10?
2
Let u = 8 + -7. Let p be 1 + (u + 2 - 0). Calculate the highest common divisor of 10 and p.
2
Let n be 161/21 + (-15)/9. Calculate the greatest common factor of 54 and n.
6
Suppose 3*v + 13 - 88 = 0. Let d = v - -20. Let g = 22 + -13. Calculate the highest common divisor of g and d.
9
Suppose 2*m - 2*u = -2*m + 10, -2*m - 4 = -4*u. Let q be (-1)/5 - 12/(-10). Let o = q + m. Calculate the greatest common divisor of o and 30.
5
Let g(l) = 5*l**2 - 5*l - 6. Let b be g(4). Calculate the highest common factor of 135 and b.
27
Let l be ((-2)/12)/(8/32)*-36. What is the highest common divisor of 216 and l?
24
Suppose m - 3*n - 45 = 0, 3*m - 2*n - 115 + 15 = 0. Let w = 27 - 17. Calculate the greatest common divisor of m and w.
10
Suppose 3*n + n = 16. Suppose 49 = -n*k - 835. Let d = 396 + k. What is the highest common factor of 25 and d?
25
Let h(m) = m + 1. Suppose -c = 4*f - 10, 0*c - 2*c + 3*f - 2 = 0. Let r be h(c). Suppose -2*t - t = -6. Calculate the highest common divisor of t and r.
1
Suppose -5*o + 0*l = 4*l - 44, -2*o + 2*l + 14 = 0. What is the greatest common factor of o and 104?
8
Suppose 0*w - 8 = -2*w. Suppose -w*t + 2*l + 2*l = 204, -2*t = 5*l + 67. Let i be 2 - 2 - t - 1. What is the greatest common divisor of i and 18?
9
Let q be 144/(-1)*(-2)/3. Suppose -2*n = 4, -35 = k + 2*k + n. Let o = 1 - k. Calculate the greatest common factor of o and q.
12
Suppose -2*v = -4*l + 74, -2*l = -3*v + 2 - 33. Calculate the highest common divisor of 60 and l.
20
Let m(q) = q**3 - 9*q**2 - 11*q + 14. Let x be m(10). Suppose 2*d = -x*l - l + 31, -3*d = -5*l + 16. What is the greatest common divisor of d and 9?
3
Let i(g) = -g. Let r be i(0). Suppose 0 = -r*h + h - 3*u - 2, 4 = h - u. Suppose h + 7 = 3*y. What is the highest common factor of 44 and y?
4
Suppose 15*j - 32 = 13. What is the greatest common divisor of j and 2?
1
Suppose h = 7 + 77. Let l = h + -36. What is the greatest common divisor of 12 and l?
12
Suppose 3*z = -2 - 1. Let x be -3 - (z - 11 - -2). Calculate the greatest common factor of 7 and x.
7
Let w be 0 - (-7 - (-5 - -3)). Let o(p) = 4*p - 2. Let x be o(w). Calculate the greatest common factor of 162 and x.
18
Suppose -4*w + w = -72. Let p = -13 - -8. Let y = 8 + p. What is the greatest common factor of y and w?
3
Let a(q) = -8*q - 1. Let d(h) = -7*h - 2. Let f(s) = -4*a(s) + 6*d(s). Let n be f(-8). Calculate the highest common factor of 18 and n.
18
Suppose -3*j = 1 - 7. Suppose 0 = -4*w + 95 + 25. Suppose 0 = -3*l - 4*r + 31, 2*l - j*r = -0*l + w. What is the greatest common divisor of 52 and l?
13
Suppose 12 = -2*q + 5*q. Let f = -2 + q. Calculate the highest common divisor of 16 and f.
2
Suppose 0 = -5*x + 632 - 242. Suppose -4*n = -i - 297, -n - 4*i = -3*i - x. Calculate the greatest common factor of 15 and n.
15
Suppose 3*h = 3*t + 15, -5*h - 5*t - 9 = -8*h. Let k be (0 - 1)/((-1)/19). Let a = k - h. What is the highest common divisor of a and 11?
11
Let k(o) = 7*o + 5. Let r be k(3). Calculate the greatest common factor of 208 and r.
26
Suppose 3*g - 99 - 93 = 0. Calculate the highest common factor of 16 and g.
16
Let h(y) = y**2 + 2*y + 14. Let i be h(-9). What is the highest common factor of i and 7?
7
Let b = -113 - -203. Suppose -3*t + b = 2*y, 0*y - 5*y - 3*t = -234. Calculate the greatest common divisor of y and 6.
6
Let d be (-159)/(-7) - 8/(-28). Let r = d + -14. Calculate the greatest common divisor of 9 and r.
9
Suppose -3*u = -0*u + 27. Let c be ((-6)/u)/(6/45). What is the greatest common divisor of c and 5?
5
Suppose d + 1 = 5*f - 5, -3*d - 4*f + 20 = 0. Calculate the highest common factor of 6 and d.
2
Suppose -5*r + 14 = -16. Suppose 3*t + 11 = 4*n, n = r*n - 10. Let x be (-1 - -2)*(-5)/t. Calculate the highest common divisor of x and 5.
5
Let t(c) = -c**2 + c - 1. Let m be t(0). Let z be 11/((1 - m)/8). Suppose 3*b - z = -b. What is the greatest common factor of 77 and b?
11
Suppose 0 = -3*u + 20 + 1. Let d = u + -1. Let l = -55 - -97. Calculate the highest common factor of d and l.
6
Let x(t) = t - 9. Let p be x(9). Suppose -25 = -5*l + 2*l + g, -l + 2*g + 10 = p. What is the greatest common factor of l and 2?
2
Let b be -1112 + (-3)/6*2. Let y be b/(-14)*(0 - -2). Suppose 4*u + 3*w - 105 = 2*u, -3*u + y = 5*w. Calculate the highest common divisor of 12 and u.
12
Let m(j) = j**3 + 10*j**2 + 5*j - 1. Let f be m(-9). Suppose -p - p + 10 = 0. Calculate the highest common factor of f and p.
5
Let n(m) = m**3 - 8*m**2 + 9*m - 6. Let z be n(7). Suppose -5*v + z + 57 = 5*l, -4*l + 4*v = -92. What is the highest common divisor of l and 27?
9
Let m(o) = -143*o**3 + o**2 - o - 1. Let u be m(-1). Suppose -121 + 41 = -5*y. Calculate the greatest common divisor of y and u.
16
Suppose 4*o - 11 - 45 = 0. Let h(m) = 2*m**2 - 2*m + m**2 - m**2 - 6*m. Let b be h(-7). Calculate the greatest common divisor of o and b.
14
Let y be ((-4344)/(-36))/((-2)/(-3)). Let g = y + -97. Calculate the greatest common factor of 12 and g.
12
Let p = 444 + -213. Let x(f) = 6*f - 39. Let y be x(10). What is the highest common factor of y and p?
21
Let r be (-75)/(-5) - (-1 + -4). What is the greatest common divisor of 28 and r?
4
Suppose -p + x = -12, p - 4*x - 37 = -2*p. Let l(d) = 3*d**2 - d + 3. Let c be l(-3). Calculate the highest common divisor of c and p.
11
Suppose 3*r - 24 - 78 = 0. Calculate the highest common divisor of 17 and r.
17
Suppose 3*u = -4*m + 31, -u = 2*u - 3. What is the greatest common factor of m and 49?
7
Suppose 0 = 2*b - 75 + 25. Calculate the highest common divisor of 10 and b.
5
Suppose -4*v + 135 = v. Suppose -18*t - 36 = -20*t. What is the greatest common divisor of v and t?
9
Suppose 0*u + u - 24 = 0. Suppose 2*y + g - 51 = 0, -36 = -2*y + 4*g + 30. Suppose 2*p - y - 5 = 0. Calculate the highest common factor of p and u.
8
Suppose 2*m = -2*m + 52. Let g = -32 - -136. Calculate the highest common factor of m and g.
13
Suppose -o - 45 = -131. Suppose -o = -4*a + 5*r - 11, 16 = a - 4*r. What is the highest common factor of a and 30?
10
Let m be ((-11)/(-4))/((-2)/(-8)). Let c(s) = -44*s. Let o be c(-2). Calculate the highest common factor of m and o.
11
Let v(w) = -8*w + 3. Let i be (-20)/16 + (-2)/(-8). Let b = i - 3. Let q be v(b). Calculate the greatest common divisor of 5 and q.
5
Let k = 209 + -121. Suppose 5*x - 4*t - 59 = 47, -k = -4*x + 4*t. Calculate the greatest common factor of 162 and x.
18
Suppose 4*o + 301 = -4*b - 175, 4*b + 436 = 4*o. Let u be (-6)/(-9)*b/(-4). Let a be 41/2 + (-6)/4. Calculate the highest common divisor of u and a.
19
Let k be ((-2)/3)/((-12)/342). Calculate the greatest common divisor of 19 and k.
19
Suppose -7*l + 56 = -3*l. Suppose 0 = -4*n - 12, -2*n - 19 = -2*u + 29. What is the highest common factor of l and u?
7
Let s be 10/65 + 37/13. Suppose -4*t + s*t + 3 = 0. Suppose 10 = 5*l - t*c - 2*c, -1 = -3*l - 2*c. What is the highest common divisor of l and 1?
1
Let w = 44 - 41. Let v = 1 - -1. Let t be 204*w/(9/v). What is the highest common factor of 17 and t?
17
Suppose -k = -4*k + 12. Suppose -2*g + 176 = 2*g. Calculate the highest common divisor of g and k.
4
Suppose 0 = -5*z - 2*z + 70. Let u = -186 - -328. Let x = u - 72. Calculate the greatest common divisor of z and x.
10
Let j be 1